01111100110001000
3e90d (base 15) to base 7
1465324
What is -111010111101010011 (base 2) in base 6?
-5102003
744286 (base 15) to base 10
5532201
Convert d604a (base 14) to base 12.
20a6aa
What is 1000000101001110000000 (base 2) in base 7?
24002316
What is -6806 (base 13) in base 6?
-151152
Convert -24e373 (base 16) to base 3.
-11112211012220
What is -10001010000110100101 (base 2) in base 14?
-10a20d
What is 100000010101001 (base 2) in base 4?
10002221
What is 1000011010011011010 (base 2) in base 8?
1032332
What is -2a52382 (base 11) in base 13?
-1111660
Convert -1555502 (base 7) to base 15.
-43d6b
-265130 (base 10) to base 13
-938a8
1103401 (base 6) to base 8
153671
Convert -435651 (base 14) to base 8.
-10550047
Convert -1000010100011010111100 (base 2) to base 5.
-1024241141
1401550 (base 12) to base 16
3cc9cc
-4945a (base 12) to base 8
-301506
Convert 5391a3 (base 13) to base 10.
1962223
-1020002102202 (base 3) to base 2
-10011111000000110010
Convert 3420301 (base 5) to base 8.
166435
-100101000101111 (base 2) to base 7
-106240
1101001001110001111000 (base 2) to base 16
349c78
Convert -4384721 (base 9) to base 14.
-45592d
What is -1400437 (base 14) in base 11?
-5512a84
What is -154510055 (base 6) in base 10?
-3306131
-204320 (base 12) to base 15
-9e98c
What is 10110100000000100101101 (base 2) in base 15?
7b7ab1
Convert 20a95 (base 15) to base 13.
38234
What is -292508 (base 11) in base 12?
-1a0676
Convert 31650400 (base 8) to base 16.
675100
2207254 (base 8) to base 11
375a69
Convert 6cade (base 15) to base 11.
217540
Convert 161556 (base 10) to base 11.
10041a
50c9c (base 16) to base 9
553825
What is -101110100000111000 (base 2) in base 8?
-564070
Convert -211640 (base 7) to base 14.
-d520
-19a80a (base 11) to base 12
-129884
What is 101010110000000100110 (base 2) in base 13?
3a0823
What is -78356 (base 12) in base 8?
-467362
Convert 18756575 (base 9) to base 11.
5399655
What is -767205 (base 8) in base 9?
-432408
a4521 (base 12) to base 10
215017
Convert 265865 (base 9) to base 3.
22012222012
What is -3104344 (base 5) in base 12?
-25347
-200014301 (base 5) to base 14
-165215
What is -11137603 (base 8) in base 4?
-21023332003
What is -112111121102 (base 3) in base 5?
-33113412
-29627 (base 14) to base 15
-20694
Convert 1390b8 (base 12) to base 5.
40423412
Convert -1004020104 (base 5) to base 3.
-10210110200011
-24163052 (base 9) to base 8
-54767737
What is -1402360 (base 7) in base 3?
-100102210201
What is 8402674 (base 9) in base 10?
4489735
-a0aaa (base 13) to base 12
-11a414
Convert 401446 (base 7) to base 9.
113004
20342224 (base 5) to base 2
101001000111110111
Convert 189c1b (base 13) to base 6.
21153450
474072 (base 8) to base 15
32e50
What is 1164665 (base 8) in base 12?
1363b1
Convert 13310352 (base 6) to base 12.
1953b8
111030130 (base 4) to base 11
5a250
-10111100100101000010 (base 2) to base 7
-6364643
701166 (base 10) to base 16
ab2ee
-213767 (base 9) to base 15
-27b84
What is 3000a6 (base 11) in base 5?
110431034
Convert 1011001000022 (base 3) to base 10.
610910
Convert -1122001020010 (base 3) to base 6.
-30325350
-37b7815 (base 12) to base 3
-202120212102022
Convert 66045 (base 13) to base 16.
2d11d
-922ab (base 12) to base 6
-4025535
-112210401 (base 5) to base 9
-852386
Convert 23456 (base 10) to base 2.
101101110100000
Convert -117cda (base 14) to base 15.
-bc2b2
What is 44837 (base 12) in base 4?
112032223
What is 589850 (base 11) in base 2?
11100100010111011001
Convert -34550311 (base 6) to base 10.
-1071907
102110201210211 (base 3) to base 12
2060087
Convert -5424377 (base 8) to base 6.
-51043315
What is 269400 (base 10) in base 11?
17444a
What is -73777 (base 9) in base 8?
-137157
Convert 130531514 (base 6) to base 10.
2562598
What is -34864 (base 9) in base 7?
-124642
Convert 1b07cb6 (base 13) to base 12.
2ba7010
577420 (base 10) to base 12
23a1a4
What is -452545 (base 8) in base 9?
-252705
Convert -6546241 (base 7) to base 14.
-16c258
What is -21610016 (base 7) in base 11?
-10664a4
Convert 324372 (base 9) to base 4.
233033111
What is 1110101010110001 (base 2) in base 5?
3410311
What is -1212032 (base 12) in base 4?
-31120122212
Convert 3145551 (base 11) to base 12.
1a32b52
Convert 2452c19 (base 13) to base 5.
10342204124
What is -717427 (base 10) in base 15?
-e2887
What is 101121020212011 (base 3) in base 9?
11536764
Convert -111102020101220 (base 3) to base 8.
-33145472
-7bf0e3 (base 16) to base 2
-11110111111000011100011
12111201211000 (base 3) to base 16
2caba9
What is -110000221 (base 5) in base 7?
-3661540
-2207a7 (base 15) to base 3
-10001101121011
199dad (base 14) to base 10
910965
7bb017 (base 13) to base 8
13151101
Convert -11101334 (base 5) to base 13.
-3526a
What is -622677 (base 8) in base 5?
-23100041
Convert -517912 (base 10) to base 15.
-a36c7
Convert -2222122200 (base 3) to base 10.
-58797
What is 1261656 (base 7) in base 9?
273160
Convert -211202122 (base 3) to base 4.
-10003103
Convert -44033365 (base 7) to base 11.
-2147947
Convert 1166455 (base 7) to base 10.
151156
9b0752 (base 12) to base 10
2468654
Convert -104645 (base 12) to base 7.
-2116166
Convert 110000010010100010 (base 2) to base 9.
331281
What is 10001001110000111 (base 2) in base 11?
48aa3
Convert -1100011330 (base 4) to base 13.
-b6425
What is 3334341 (base 5) in base 2?
1110010101100001
10021112001 (base 3) to base 9
107461
What is 1000010111001111101110 (base 2) in base 15?
2d48cb
Convert 78ab2 (base 15) to base 10.
383792
Convert 2c821d (base 16) to base 8.
13101035
Convert -4a8db1 (base 15) to base 8.
-15504121
What is 2a919 (base 14) in base 7?
621132
13310322 (base 5) to base 9
225266
1022200220022 (base 3) to base 7
5654432
27024 (base 11) to base 7
220416
-5a4a04 (base 11) to base 16
-e9efb
Convert 11010001010100111 (base 2) to base 15.
21b50
What is 11420043 (base 5) in base 7?
625323
What is -10000101110001000011 (base 2) in base 14?
-103963
-22101202200 (base 3) to base 16
-285c0
What is 724042 (base 12) in base 3?
10100221202212
Convert -1647866 (base 9) to base 13.
-261993
What is -112210201002 (base 3) in base 8?
-1071072
What is -322400314 (base 5) in base 16?
-14ef37
What is 5411a5 (base 13) in base 4?
13201233122
-28580 (base 12) to base 15
-1195c
What is -71e66 (base 16) in base 3?
-212200222001
Convert 22243225 (base 6) to base 5.
133042112
What is -120321221 (base 4) in base 5?
-11230433
What is 36121422 (base 7) in base 16?
30cedf
-49a9d3 (base 14) to base 16
-268cdd
What is -2663355 (base 7) in base 2?
-1010101111000010010
What is -5f549f (base 16) in base 6?
-341523555
2324233 (base 7) to base 3
112211120101
What is 319289 (base 16) in base 6?
153344345
202a93 (base 13) to base 7
6236030
What is 12121211120 (base 3) in base 14?
2c4a4
Convert -1001001001110110 (base 2) to base 16.
-9276
48c1b5 (base 13) to base 15
2459cb
What is -155311 (base 7) in base 16?
-77da
What is -12521150 (base 7) in base 11?
-714652
What is 5527a0 (base 14) in base 11?
16a2a47
What is 1c0a93 (base 13) in base 7?
6040661
Convert b0526 (base 14) to base 9.
715045
What is 413233012 (base 5) in base 16?
19e107
284771 (base 10) to base 5
33103041
4053150 (base 6) to base 12
941b6
What is 22111031301 (base 4) in base 13?
73a988
What is -1721111 (base 8) in base 4?
-1322021021
3d51be (base 15) to base 11
1738037
201a37a (base 11) to base 15
4a8368
Convert 69901 (base 12) to base 3.
21011210001
Convert 67420325 (base 8) to base 3.
1000101120222212
-194654 (base 10) to base 11
-123279
Convert 120122101212101 (base 3) to base 2.
11111101101110100100011
Convert 122923 (base 12) to base 6.
10154043
-11012122111 (base 3) to base 7
-463354
Convert 78579 (base 10) to base 7.
445044
What is -364076 (base 8) in base 13?
-44b78
What is 30125141 (base 7) in base 6?
125242235
What is b9603 (base 12) in base 7?
2035605
Convert 44116530 (base 8) to base 2.
100100001001110101011000
24a455 (base 11) to base 10
394520
-1207249 (base 10) to base 5
-302112444
20597 (base 13) to base 15
1232b
What is 111101000001001000 (base 2) in base 13?
899b3
Convert 2890079 (base 10) to base 2.
1011000001100101011111
What is 50042 (base 6) in base 14?
252a
Convert -a62c8 (base 15) to base 6.
-15144242
-706375 (base 8) to base 2
-111000110011111101
22220211111000 (base 3) to